4951 is divided by 54.
3
Calculate the remainder when 120120 is divided by 82.
72
Calculate the remainder when 3159 is divided by 149.
30
Calculate the remainder when 57562 is divided by 207.
16
What is the remainder when 2360 is divided by 317?
141
Calculate the remainder when 1264 is divided by 108.
76
What is the remainder when 1918 is divided by 1911?
7
Calculate the remainder when 64527 is divided by 8041.
199
Calculate the remainder when 88230 is divided by 519.
0
Calculate the remainder when 17954 is divided by 24.
2
Calculate the remainder when 11430 is divided by 136.
6
What is the remainder when 10275 is divided by 731?
41
What is the remainder when 14914 is divided by 1864?
2
What is the remainder when 188198 is divided by 467?
464
What is the remainder when 1651 is divided by 12?
7
What is the remainder when 1186297 is divided by 697?
3
Calculate the remainder when 14426 is divided by 2048.
90
What is the remainder when 115090 is divided by 137?
10
What is the remainder when 203 is divided by 32?
11
Calculate the remainder when 1697 is divided by 34.
31
What is the remainder when 11712 is divided by 3869?
105
Calculate the remainder when 16828 is divided by 102.
100
What is the remainder when 7186 is divided by 65?
36
Calculate the remainder when 172713 is divided by 26.
21
What is the remainder when 1447 is divided by 482?
1
What is the remainder when 1976 is divided by 71?
59
What is the remainder when 4268 is divided by 4219?
49
Calculate the remainder when 2366 is divided by 463.
51
What is the remainder when 3862 is divided by 56?
54
What is the remainder when 21517 is divided by 117?
106
What is the remainder when 40711 is divided by 20354?
3
Calculate the remainder when 23229 is divided by 64.
61
What is the remainder when 4950 is divided by 166?
136
Calculate the remainder when 1921 is divided by 599.
124
What is the remainder when 192502 is divided by 617?
615
What is the remainder when 848 is divided by 384?
80
What is the remainder when 26198 is divided by 26172?
26
Calculate the remainder when 45309 is divided by 509.
8
What is the remainder when 89852 is divided by 166?
46
Calculate the remainder when 100280 is divided by 50135.
10
What is the remainder when 239263 is divided by 13?
11
Calculate the remainder when 15933 is divided by 9.
3
What is the remainder when 1705 is divided by 244?
241
What is the remainder when 2275 is divided by 206?
9
What is the remainder when 2289 is divided by 283?
25
Calculate the remainder when 128138 is divided by 121.
120
Calculate the remainder when 13302 is divided by 1670.
1612
What is the remainder when 352 is divided by 339?
13
Calculate the remainder when 542 is divided by 184.
174
Calculate the remainder when 21250 is divided by 22.
20
What is the remainder when 1839 is divided by 1838?
1
What is the remainder when 2286 is divided by 603?
477
Calculate the remainder when 51402 is divided by 306.
300
Calculate the remainder when 333988 is divided by 27.
25
What is the remainder when 2938 is divided by 1458?
22
Calculate the remainder when 137 is divided by 46.
45
What is the remainder when 3380 is divided by 957?
509
Calculate the remainder when 11992 is divided by 183.
97
Calculate the remainder when 6764 is divided by 6739.
25
Calculate the remainder when 59458 is divided by 60.
58
Calculate the remainder when 1689 is divided by 548.
45
What is the remainder when 1034297 is divided by 7?
5
Calculate the remainder when 167133 is divided by 142.
141
What is the remainder when 21299 is divided by 20?
19
What is the remainder when 653 is divided by 209?
26
What is the remainder when 12267 is divided by 1225?
17
What is the remainder when 108907 is divided by 534?
505
Calculate the remainder when 2955 is divided by 206.
71
What is the remainder when 548 is divided by 88?
20
What is the remainder when 159832 is divided by 1142?
1094
Calculate the remainder when 9453 is divided by 2357.
25
What is the remainder when 1101 is divided by 353?
42
Calculate the remainder when 1396239 is divided by 465408.
15
Calculate the remainder when 2724651 is divided by 217.
216
What is the remainder when 31887 is divided by 10209?
1260
What is the remainder when 825726 is divided by 64?
62
Calculate the remainder when 582 is divided by 475.
107
Calculate the remainder when 62398 is divided by 15.
13
What is the remainder when 8506 is divided by 3767?
972
Calculate the remainder when 6926 is divided by 51.
41
What is the remainder when 85175 is divided by 170?
5
What is the remainder when 23188 is divided by 91?
74
What is the remainder when 31914 is divided by 6380?
14
What is the remainder when 28346 is divided by 3719?
2313
What is the remainder when 4454 is divided by 26?
8
What is the remainder when 13822 is divided by 95?
47
What is the remainder when 405402 is divided by 171?
132
What is the remainder when 6889 is divided by 1720?
9
Calculate the remainder when 426285 is divided by 24.
21
Calculate the remainder when 1947 is divided by 1941.
6
What is the remainder when 259 is divided by 77?
28
What is the remainder when 1433354 is divided by 293?
291
Calculate the remainder when 30956 is divided by 10.
6
What is the remainder when 5285 is divided by 408?
389
Calculate the remainder when 5297 is divided by 62.
27
Calculate the remainder when 3385 is divided by 910.
655
What is the remainder when 1562610 is divided by 12?
6
Calculate the remainder when 22711 is divided by 11346.
19
Calculate the remainder when 115708 is divided by 115692.
16
What is the remainder when 6251 is divided by 36?
23
Calculate the remainder when 24924 is divided by 6194.
148
Calculate the remainder when 233 is divided by 42.
23
Calculate the remainder when 114546 is divided by 739.
1
What is the remainder when 21608 is divided by 254?
18
Calculate the remainder when 408082 is divided by 30.
22
Calculate the remainder when 12805 is divided by 36.
25
What is the remainder when 50318 is divided by 915?
908
Calculate the remainder when 12559 is divided by 1090.
569
Calculate the remainder when 11227 is divided by 8.
3
What is the remainder when 31793 is divided by 10591?
20
Calculate the remainder when 28730 is divided by 14193.
344
Calculate the remainder when 1665 is divided by 1643.
22
Calculate the remainder when 939 is divided by 473.
466
Calculate the remainder when 15429 is divided by 19.
1
What is the remainder when 9880 is divided by 3202?
274
What is the remainder when 24471 is divided by 1359?
9
Calculate the remainder when 1031 is divided by 254.
15
What is the remainder when 19720 is divided by 597?
19
What is the remainder when 863160 is divided by 789?
783
Calculate the remainder when 31621 is divided by 1054.
1
What is the remainder when 64471 is divided by 245?
36
Calculate the remainder when 85346 is divided by 28442.
20
What is the remainder when 246091 is divided by 34?
33
Calculate the remainder when 12207 is divided by 230.
17
Calculate the remainder when 11543 is divided by 46.
43
What is the remainder when 8241 is divided by 4116?
9
What is the remainder when 11134 is divided by 150?
34
What is the remainder when 11212 is divided by 515?
397
What is the remainder when 6521 is divided by 2143?
92
What is the remainder when 7162 is divided by 44?
34
Calculate the remainder when 928088 is divided by 237.
233
Calculate the remainder when 330 is divided by 104.
18
What is the remainder when 867192 is divided by 197?
195
Calculate the remainder when 29446 is divided by 128.
6
What is the remainder when 10700 is divided by 256?
204
Calculate the remainder when 6992 is divided by 238.
90
What is the remainder when 2007 is divided by 1741?
266
What is the remainder when 5946 is divided by 20?
6
What is the remainder when 1989782 is divided by 110?
102
Calculate the remainder when 2397 is divided by 597.
9
What is the remainder when 666815 is divided by 25?
15
Calculate the remainder when 35876 is divided by 115.
111
Calculate the remainder when 1271 is divided by 158.
7
What is the remainder when 2909 is divided by 944?
77
What is the remainder when 174658 is divided by 62?
4
What is the remainder when 2453447 is divided by 9?
2
Calculate the remainder when 7073 is divided by 130.
53
Calculate the remai